he remainder when 60686 is divided by 15.
11
Calculate the remainder when 2588673 is divided by 1294333.
7
What is the remainder when 6037 is divided by 274?
9
Calculate the remainder when 849536 is divided by 169905.
11
Calculate the remainder when 13271 is divided by 414.
23
What is the remainder when 4627 is divided by 289?
3
Calculate the remainder when 116691 is divided by 284.
251
What is the remainder when 182351 is divided by 25?
1
Calculate the remainder when 19281 is divided by 9623.
35
What is the remainder when 1304099 is divided by 230?
229
What is the remainder when 29790 is divided by 271?
251
What is the remainder when 109461 is divided by 31?
0
Calculate the remainder when 44338 is divided by 871.
788
What is the remainder when 25838 is divided by 27?
26
What is the remainder when 61758 is divided by 46?
26
Calculate the remainder when 54164 is divided by 14.
12
Calculate the remainder when 137116 is divided by 1162.
0
What is the remainder when 13380 is divided by 1668?
36
Calculate the remainder when 17092 is divided by 1424.
4
What is the remainder when 25274 is divided by 2527?
4
Calculate the remainder when 6705 is divided by 155.
40
What is the remainder when 1681 is divided by 114?
85
Calculate the remainder when 1829248 is divided by 229.
225
Calculate the remainder when 15731 is divided by 45.
26
What is the remainder when 1313 is divided by 7?
4
What is the remainder when 2981 is divided by 424?
13
Calculate the remainder when 57153 is divided by 763.
691
What is the remainder when 183743 is divided by 261?
260
Calculate the remainder when 153771 is divided by 76877.
17
What is the remainder when 4289 is divided by 390?
389
What is the remainder when 195380 is divided by 42?
38
Calculate the remainder when 176 is divided by 32.
16
What is the remainder when 6527 is divided by 15?
2
What is the remainder when 33729 is divided by 4198?
145
What is the remainder when 4415 is divided by 865?
90
Calculate the remainder when 37350 is divided by 1207.
1140
What is the remainder when 1296308 is divided by 117846?
2
Calculate the remainder when 14762 is divided by 95.
37
Calculate the remainder when 121280 is divided by 919.
891
Calculate the remainder when 21063 is divided by 21051.
12
What is the remainder when 20490 is divided by 94?
92
Calculate the remainder when 34845 is divided by 42.
27
What is the remainder when 73302 is divided by 88?
86
Calculate the remainder when 1156 is divided by 1080.
76
What is the remainder when 4133 is divided by 2000?
133
What is the remainder when 51480 is divided by 887?
34
What is the remainder when 24620 is divided by 81?
77
Calculate the remainder when 11122 is divided by 792.
34
Calculate the remainder when 31128 is divided by 192.
24
Calculate the remainder when 1896011 is divided by 12.
11
What is the remainder when 9771 is divided by 362?
359
Calculate the remainder when 997 is divided by 327.
16
What is the remainder when 3671 is divided by 872?
183
What is the remainder when 443625 is divided by 147872?
9
What is the remainder when 187916 is divided by 145?
141
Calculate the remainder when 3122 is divided by 2945.
177
What is the remainder when 1258 is divided by 161?
131
What is the remainder when 1200298 is divided by 3?
1
What is the remainder when 2914499 is divided by 20?
19
What is the remainder when 415738 is divided by 12227?
20
What is the remainder when 16287 is divided by 60?
27
Calculate the remainder when 7645 is divided by 87.
76
What is the remainder when 1384011 is divided by 16878?
15
Calculate the remainder when 29539 is divided by 62.
27
What is the remainder when 43222 is divided by 25?
22
Calculate the remainder when 373 is divided by 89.
17
Calculate the remainder when 4191 is divided by 463.
24
What is the remainder when 206555 is divided by 227?
212
What is the remainder when 1742 is divided by 1670?
72
What is the remainder when 121944 is divided by 847?
823
Calculate the remainder when 4940 is divided by 89.
45
What is the remainder when 11186 is divided by 11142?
44
Calculate the remainder when 465 is divided by 167.
131
Calculate the remainder when 26410 is divided by 238.
230
What is the remainder when 24789 is divided by 53?
38
Calculate the remainder when 1289 is divided by 34.
31
What is the remainder when 345629 is divided by 112?
109
What is the remainder when 34926 is divided by 148?
146
What is the remainder when 6665 is divided by 923?
204
Calculate the remainder when 102300 is divided by 1967.
16
What is the remainder when 162177 is divided by 530?
527
Calculate the remainder when 12417 is divided by 12392.
25
What is the remainder when 8206 is divided by 222?
214
What is the remainder when 319571 is divided by 27?
26
What is the remainder when 368030 is divided by 343?
334
Calculate the remainder when 31731 is divided by 123.
120
Calculate the remainder when 8491 is divided by 296.
203
What is the remainder when 22028 is divided by 4402?
18
What is the remainder when 736 is divided by 169?
60
What is the remainder when 39962 is divided by 9?
2
Calculate the remainder when 723 is divided by 442.
281
Calculate the remainder when 14100 is divided by 86.
82
What is the remainder when 66 is divided by 50?
16
What is the remainder when 61239 is divided by 914?
1
Calculate the remainder when 58679 is divided by 605.
599
What is the remainder when 40508 is divided by 10112?
60
Calculate the remainder when 25152 is divided by 15.
12
What is the remainder when 2868 is divided by 321?
300
What is the remainder when 4422 is divided by 1290?
552
Calculate the remainder when 143766 is divided by 143752.
14
Calculate the remainder when 20874 is divided by 1091.
145
What is the remainder when 3523 is divided by 30?
13
What is the remainder when 15750 is divided by 6?
0
Calculate the remainder when 42229 is divided by 2514.
2005
What is the remainder when 157339 is divided by 92?
19
Calculate the remainder when 1097765 is divided by 701.
700
What is the remainder when 32987 is divided by 688?
651
What is the remainder when 812150 is divided by 14?
10
What is the remainder when 4310 is divided by 979?
394
Calculate the remainder when 88301 is divided by 841.
837
Calculate the remainder when 17071 is divided by 5684.
19
What is the remainder when 13930 is divided by 205?
195
What is the remainder when 53807 is divided by 122?
5
Calculate the remainder when 547459 is divided by 10528.
3
What is the remainder when 35056 is divided by 413?
364
Calculate the remainder when 1272 is divided by 159.
0
What is the remainder when 410111 is divided by 73?
70
Calculate the remainder when 198820 is divided by 26.
24
Calculate the remainder when 6672995 is divided by 738.
737
Calculate the remainder when 100977 is divided by 102.
99
Calculate the remainder when 451 is divided by 132.
55
What is the remainder when 663905 is divided by 60?
5
What is the remainder when 356221 is divided by 90?
1
Calculate the remainder when 12126 is divided by 235.
141
Calculate the remainder when 89736 is divided by 8156.
20
Calculate the remainder when 9094 is divided by 1101.
286
Calculate the remainder when 6702 is divided by 78.
72
What is the remainder when 397173 is divided by 247?
244
Calculate the remainder when 9260 is divided by 14.
6
Calculate the remainder when 189567 is divided by 647.
643
What is the remainder when 15768 is divided by 1124?
32
Calculate the remainder when 7171 is divided by 394.
79
What is the remainder when 13504 is divided by 2698?
14
What is the remainder when 135467 is divided by 9675?
17
Calculate the remainder when 4226 is divided by 371.
145
Calculate the remainder when 17675 is divided by 981.
17
Calculate the remainder when 107967 is divided by 7195.
42
What is the remainder when 250413 is divided by 197?
26
What is the remainder when 22623 is divided by 5638?
71
Calculate the remainder when 7427 is divided by 1061.
0
Calculate the remainder when 9953 is divided by 126.
125
What is the remainder when 784283 is divided by 775?
758
What is the remainder when 1835 is divided by 11?
9
Calculate the remainder when 363318 is divided by 40.
38
What is the remainder when 200429 is divided by 18?
17
Calculate the remainder when 24589 is divided by 768.
13